vided by o.
5
Suppose 21*d - 18*d - 9 = 0. Let v = d + 13. What is the remainder when v is divided by 5?
1
What is the remainder when 6*(2/11 - 2110501/(-7458)) is divided by 17?
16
Let n = 76 + 34. Suppose 0 = -m + 4*l + 47, 0 = -2*m - 4*l + 44 + n. Suppose -3*f + m + 2 = 0. Calculate the remainder when 86 is divided by f.
17
Suppose o + q - 1 = 0, 4*o - 5*q - 12 = -q. Suppose -4*h + 104 = o*p, -2*h - 5*p + 58 = -p. What is the remainder when 145 is divided by h?
20
Suppose 1575 = 26*d - 11*d. Calculate the remainder when d is divided by 37.
31
Let y = -3944 - -11667. Calculate the remainder when y is divided by 103.
101
Suppose -16*d = 9*d - 8*d. Suppose -7*n + 21 = -d. Suppose n*w - 145 = -2*c, 3*w - 4*c = -2*c + 125. What is the remainder when w is divided by 12?
9
Let c be (-2)/8 - 66/(-8). What is the remainder when 101 is divided by 40/(-2)*(-5 + 26/c)?
31
Suppose -39*w + 46*w - 15400 = 0. Suppose 10*q + 1550 = w. Calculate the remainder when 185 is divided by q.
55
What is the remainder when 11/(121/77) + -1 + 207 is divided by 4/(((-2)/72)/(13/(-26)))?
69
Let d = 517 - 515. Suppose 2*j + 3*r = -j + 33, d*j - 3*r - 37 = 0. Calculate the remainder when 69 is divided by j.
13
Suppose 13*o = -1633 - 3242. Let l = o + 388. Let g = 35 + -12. What is the remainder when g is divided by l?
10
Let g(b) = 14*b - 3. Calculate the remainder when 90/(-150)*(-165 + -10) is divided by g(3).
27
Suppose -4*r = m - 6*m + 28, -r = m - 2. Suppose 0 = p + m*p - 50. Let k = 27 - p. Calculate the remainder when k is divided by 10.
7
Let u(g) = -g**2 + g + 7. Let h be u(5). Let n = h - -33. Let l(d) = d**3 - 7*d**2 + 9. Calculate the remainder when l(8) is divided by n.
13
Let v(o) = o**2 + 14. Calculate the remainder when ((-81)/5)/((-168)/(-420)*2/(-4)) is divided by v(0).
11
Let s = -18 + 7. Suppose 2*y - 12 = 4*c, -4*c - 24 = -6*y + 7*y. Calculate the remainder when 12 is divided by (-2)/s + ((-750)/22)/c.
5
Let n(c) = c**3 - 5*c**2 - 15*c + 29. Let r be n(7). Suppose -3*z = -m + r, -4*z - 22 = -7*m + 6*m. What is the remainder when 57 is divided by m?
13
Suppose -4*p = t - 436, 2*p + 2*t = 219 - 7. Calculate the remainder when 295 is divided by p.
75
Let j = 22396 + -22213. Let t = -32 - -79. What is the remainder when j is divided by t?
42
Let j(g) = -30 + 4 + 10 + 2*g**2 - 7*g. Calculate the remainder when 73 is divided by j(-4).
29
Suppose -606*h = 4*t - 604*h - 1362, 4*h = -4*t + 1360. Calculate the remainder when t is divided by 25.
16
Suppose -2*d + 5*d - 66 = 0. Suppose b - 5*r = d, 0 = 3*b - 4*b + r + 22. Let j = -5923 + 5986. What is the remainder when j is divided by b?
19
Let n be 24 + (-21)/(-49) + 10/(-7). Suppose 5*b - 18 + n = 0. Let l(m) = 85*m**2 - 4*m - 4. Calculate the remainder when l(b) is divided by 43.
42
Suppose -5*r - 3*j + 300 = 46, 2*r + 4*j = 110. Calculate the remainder when 489 is divided by r.
48
Let n(o) = -419*o + 33. Calculate the remainder when 129 is divided by n(0).
30
Let t(o) = 131*o + 57. Let z be t(-3). Let m = z + 562. Calculate the remainder when m is divided by 57.
55
Suppose -3*s + 65 = 4*w, 2*w - 3*w - 4*s = 0. Let l = w - 12. Suppose 442*a - 7408 = -2592 + 11538. What is the remainder when a is divided by l?
5
Suppose 0 = -12*v - 1044 + 580 + 548. Calculate the remainder when 20 is divided by v.
6
What is the remainder when -47 - -48 - 5/((-13232)/(-4412) + -3) is divided by 60?
56
Suppose -77 = -u + 27. Let o(j) = -14*j - 40. Let m be o(-3). Suppose -4*b = -16, u = 4*y - m*b + b. Calculate the remainder when 78 is divided by y.
24
Let o(z) be the first derivative of -z**3/3 - 2*z**2 + 43*z + 24. Calculate the remainder when 59 is divided by o(0).
16
Let d(x) = 5*x**3 - 32*x**2 - x + 35. Calculate the remainder when 701 is divided by d(7).
1
Let l = -507 - -504. What is the remainder when 56 is divided by ((-4)/(-2) + 2)*(l - -7)?
8
Let h(c) be the second derivative of c**4/12 + c**3/3 - 11*c**2/2 + 63*c. Calculate the remainder when h(5) is divided by 17.
7
Let c(k) = k - 17. Let n be c(23). Let r be 52/n*13/(39/18). Suppose -2*g - x = -20, -3*g = -0*g - 4*x - r. Calculate the remainder when g is divided by 4.
0
What is the remainder when (((-12)/14)/6)/((-11)/50897 - 0) is divided by 18?
13
Let g(y) = -1143*y + 9193. What is the remainder when 305 is divided by g(8)?
11
Suppose 4*h = l + 229 - 75, -138 = -3*h - 3*l. Calculate the remainder when 158 is divided by h.
38
Let s(h) = h. Calculate the remainder when s(13) is divided by 20 + -22 + (1 - -5).
1
Suppose -112 = t - 116. Suppose 0 = t*p + 4*q - 72, -16 = 2*p - 4*p + 2*q. Calculate the remainder when 50 is divided by p.
11
Suppose s + 4*k = 72, -412*s + 233 = -408*s + 5*k. Calculate the remainder when 620 is divided by s.
48
Let i = 36 + -29. Suppose -5*r - 70 = -i*r. Suppose -5*b + 127 - 37 = 0. Calculate the remainder when r is divided by b.
17
Suppose 0 = 4*h + 5*u - 471, -6*u = -3*u - 9. Suppose -b + h = 2*b. What is the remainder when b is divided by 23?
15
Suppose 38*v + 10*v - 24528 = 0. What is the remainder when v is divided by 8?
7
Suppose 0*v + 13*v + 4583 = 12513. What is the remainder when v is divided by 89?
76
Suppose -4*s - 3*t = -138, 0 = 5*s - t - 3*t - 157. Suppose -2*d - d = -s. What is the remainder when (18/(-6))/9*-90 is divided by d?
8
Suppose -2*c = k, -k + 24 = 22*c - 26*c. What is the remainder when 5287 is divided by k?
7
Let w = -44 + -38. Let b = 85 + w. Suppose 4*m = -b*j + 164, -100 = -2*j - m - 4*m. What is the remainder when j is divided by 26?
8
What is the remainder when 375 is divided by (0 + 4 + -2)/((-2)/(-159))?
57
Suppose 5*d - 189 = -k, 8*d - 6*d - 78 = -k. Calculate the remainder when 346 is divided by d.
13
Suppose -19788*f + 442 = -19775*f - 234. What is the remainder when 969 is divided by f?
33
Let y(m) = -m**2 + 12*m + 2. Let k be y(8). Let p = k + -15. Suppose -93*u + 58*u + 60*u - 2325 = 0. What is the remainder when u is divided by p?
17
Suppose -2*n + 3*n = 2. Suppose 5*k = 3*m + 549, 429 = n*k + 2*k + m. Calculate the remainder when k is divided by 340/6 - 10/15.
52
Let v(p) = 64*p + 0*p**3 + p**2 - 63*p - 42 + p**3 - 43. Let k be v(0). Let h = -46 - k. What is the remainder when 114 is divided by h?
36
Suppose -3*d + 2*u + 14 = 0, 37*d + u = 33*d + 37. What is the remainder when 318 is divided by d?
6
Suppose -87*n + 9720 = 21*n. Calculate the remainder when 1135 is divided by n.
55
What is the remainder when 425 is divided by (-9)/3 + -6 + (-61 - -103)?
29
Let f be 748*(1 - 2/4). Let n be (-552)/(-40) - (-52)/(-65). Suppose -f = -n*p + 2*p. Calculate the remainder when p is divided by 13.
8
Let u = 3933 - 3479. What is the remainder when u is divided by 27?
22
Let t(y) = -y**2 + 27*y - 18. Let p(d) = -d + 10 - 2 + 8. Let v be p(-7). What is the remainder when t(v) is divided by 11?
8
Let a = -17 - -24. Suppose -9 = -3*o + 2*y, -o + 5*y + 4 = 4*y. Suppose 0 = 2*l - 67 + o. What is the remainder when l is divided by a?
5
What is the remainder when (-90)/60*(1072/3)/(-4) is divided by 1*(-4)/(12/17)*-3?
15
Let f be -4*(27/4 + 2). Let u be (-354)/(-14) + 10/f. What is the remainder when 69 is divided by ((-10)/u)/(4/(-120))?
9
Suppose 3*y + 5*x + 258 = 0, x + 40 = -2*y - 132. Let n = y + 152. Calculate the remainder when n is divided by 9.
3
Let y be (-625)/(-4) - (-5)/(-20). Suppose -v + 0*v = -y. Suppose 4*d + 0*d = v. Calculate the remainder when 155 is divided by d.
38
Let l be 28/6 + ((-14)/21)/(-2). Suppose -l*a + 58 = 5*k - 7*a, 4*k - a - 47 = 0. Calculate the remainder when 58 is divided by k.
10
Let h(v) = -v**2 + 44*v + 144. Calculate the remainder when 720 is divided by h(-3).
0
Suppose 3*b + 30 = 3*z, 0 = -20*z + 15*z - 4*b + 14. Suppose 0 = u - 4*o + 10, -5*u + o = 5*o - 46. Calculate the remainder when u is divided by z.
0
Suppose -21903 - 30935 = -58*r. Calculate the remainder when r is divided by 183.
179
Let w = -2621 + 4760. What is the remainder when w is divided by 18?
15
Suppose 2*r - 2*u = -3*r + 26, 2*u = 4*r - 20. Suppose r*t - 546 = -0*t. Let l = -60 + t. Calculate the remainder when 152 is divided by l.
28
Let m(o) = 9*o - 158. Suppose -4*z = -61 - 19. Calculate the remainder when m(z) is divided by 4.
2
Suppose 4*q - 4*g = 776 - 132, 5*q - g = 809. What is the remainder 